e the highest common factor of t and n.
8
Suppose -4 = -i + 3*i. Let a(k) = 22*k + 117. Let q(m) = -5*m - 29. Let p(j) = i*a(j) - 9*q(j). Let w be p(6). Calculate the greatest common factor of 44 and w.
11
Let d be ((-10)/(-3))/(5/75). Suppose 7*u - d - 342 = 0. Calculate the greatest common divisor of u and 168.
56
Let j be 44/(-11) - (1 - 7). Let u be 454 - (j + 0/2). Suppose u = 4*y - 4*b, b + 221 = y + y. Calculate the greatest common divisor of y and 12.
12
Suppose -12 = 7*m - 3*m. Let c be (-975)/(-100)*(-8)/m. Calculate the greatest common divisor of 286 and c.
26
Suppose 0 = y + 4*m - 55, -5*y + 135 + 140 = 3*m. Let c = -513 + 189. Let s = -319 - c. What is the highest common divisor of s and y?
5
Suppose s + 44 = 5*m - 105, -75 = -3*m - 3*s. Let g = -2 + m. Let b be (-1*g)/((-8)/16). What is the highest common divisor of 6 and b?
6
Suppose -3*g = 0, -5*g + 112 = -4*m + 1856. Let p = 787 - m. Calculate the greatest common factor of p and 39.
39
Let o = -116 - -81. Let p be -18*(-3 + o/(-15)). Calculate the greatest common divisor of 36 and p.
12
Let z = 284 + -271. Suppose 0*q + q - 132 = 0. Let p = q - 28. Calculate the greatest common factor of p and z.
13
Suppose 6*d + 1028 = 11*d - 2*x, -d = 5*x - 184. Let m = d - 196. Calculate the greatest common factor of 28 and m.
4
Suppose -2*v + 4*c + 598 = 0, -5*v - 2*c = -500 - 1031. Let q = v - 294. Calculate the highest common factor of 22 and q.
11
Let p(n) = 300*n. Let o be p(1). Let b be 3249/627 - 2/11. Suppose 15*q - b*q = 300. Calculate the highest common divisor of q and o.
30
Let i be -4 + 4 + (-532)/(-4). Let p(c) = -14 + 15*c - 2*c**2 + 3*c**2 + 33. Let g be p(-15). Calculate the highest common divisor of g and i.
19
Suppose 1106*l = 1115*l - 48060. What is the greatest common divisor of 15 and l?
15
Let o be (-3)/(-15) + (-12)/10. Let g be (-45)/(-15) - 0/o. What is the greatest common divisor of 33 and g?
3
Let a(h) = -86*h + 150*h - 101*h - 299. Let j be a(-13). What is the greatest common factor of j and 14?
14
Let f(i) = 2*i**3 - 33*i**2 + 181*i + 30. Let s be f(15). What is the greatest common factor of s and 54?
18
Let l = 5486 - 5469. Calculate the greatest common divisor of l and 85.
17
Let f(c) = 19*c + 32. Let a(w) = 19*w + 33. Let j(q) = -4*a(q) + 3*f(q). Let z be j(-11). Let m = -95 + z. What is the highest common factor of 13 and m?
13
Let f = 2543 - 2478. What is the greatest common divisor of 2483 and f?
13
Let f be (-16)/40 - 1852/(-5). Let n be (30/7)/(36*34/5712). Calculate the highest common divisor of f and n.
10
Let p be (-3 + 57)*2/2. Let i = -98 - -133. Let y = i + -17. Calculate the greatest common divisor of y and p.
18
Suppose g = 24 - 20. Let i be 1363/87 - (1 + g/(-3)). What is the greatest common factor of i and 256?
16
Suppose 9*t - 38 = -2. Let p be (-294)/4*t/(-6). Let m = 80 - p. What is the highest common factor of 248 and m?
31
Suppose -4*f + z + 429 = 1143, 4*z = 8. Let u = 163 - 261. Let t = u - f. What is the highest common factor of 20 and t?
20
Suppose -2*y + 410 = 3*y + 5*p, -4*y = -p - 308. What is the highest common factor of y and 1300?
26
Suppose -23*a - 748 = -45*a. Calculate the highest common divisor of a and 3638.
34
Let f = 771 + -1455. Let n be f/(-24) - 7/2. What is the greatest common factor of 25 and n?
25
Let t be (-53 + -1)/((-3)/2). Let m(z) = -37*z - 2916. Let s be m(-78). Let d = s + t. What is the highest common factor of 18 and d?
6
Let r(c) = 5*c**3 - 13*c**2 + 7*c - 16. Let x be r(5). Calculate the greatest common factor of 22 and x.
11
Suppose -3*q + 3*j - j + 196 = 0, 0 = -7*q + j + 439. What is the highest common divisor of 4898 and q?
62
Let u(z) = 7*z + 178. Let l be u(-19). Suppose -243 = -16*o + l. Calculate the greatest common divisor of 198 and o.
18
Suppose 2088 = 31*q - 37*q. Let a = q - -365. Suppose 2*o + 6 = l - 3, -4 = -o. Calculate the highest common divisor of a and l.
17
Let n be ((-14)/(-28))/((-2)/(-24)). Let f be ((-40)/50)/((-14)/455). Calculate the greatest common factor of f and n.
2
Let s(o) = o**3 - 14*o**2 - 27*o - 23. Let u be s(16). Let c be (6 + (-6 - -5))/((-1)/(-19)). What is the highest common divisor of u and c?
19
Let y(z) = -z**3 - z**2 + 3*z - 36. Let d be y(0). Let x be (d/63)/(1/((-77)/2)). Calculate the highest common factor of x and 77.
11
Let t(b) = -b**2 - 7*b + 31. Let a be t(-10). Suppose 11*d = 6*d - 130. Let n be 4/d - 54/(-13). What is the highest common factor of n and a?
1
Suppose -2*c = -7*c + 3*r + 51, 5*r + 9 = 2*c. Let o = 2 + -3. Let s be 540/(-63)*7/o. Calculate the highest common divisor of s and c.
12
Let f be (105/(-42)*-205)/((-1)/(6/(-3))). Calculate the greatest common factor of f and 697.
41
Suppose n + 5 - 9 = 0. Suppose 0 = 2*o + n, 2*a - a + 5*o = -18. Let q be -1 + (6/a)/(1/(-148)). What is the greatest common divisor of q and 10?
10
Let l = 98 - 6. Let k be (-20)/(-2)*(31 - 3). Let m = k + -234. What is the highest common divisor of m and l?
46
Let n(h) = 128 + h**3 + 51*h + 0*h - 49*h + 40*h**2. Let i be n(-40). What is the highest common factor of 112 and i?
16
Suppose -5*z + d + 3481 = 0, -15*z = -14*z - 4*d - 700. Calculate the greatest common divisor of 96 and z.
24
Suppose -317*b + 166752 = 69*b. What is the greatest common factor of b and 81?
27
Suppose -3*t + 20 = -46. Let b = t - 17. Suppose -b*i - 5*w = -59 - 41, -i + 4*w = -10. Calculate the greatest common factor of i and 6.
6
Let p = 54 + -33. Suppose 3276 = 11*w + 2*w. Let l = w - 238. What is the greatest common factor of l and p?
7
Let x(u) = -u**2 + 32*u + 56. Let l be x(16). What is the highest common factor of 234 and l?
78
Let x be (-9)/(-15)*825/(-198)*176/(-10). What is the greatest common divisor of x and 1639?
11
Suppose -8 = -c - c, 0 = 5*k - 5*c - 280. Let h be 4 - (-5 + (-2 - -32)*(-18)/15). What is the greatest common factor of h and k?
15
Let f(w) = 21*w**2 - 16*w + 3. Let p be f(4). Let t = 155 - p. Let u be t/36*(-6)/5. What is the greatest common divisor of 44 and u?
4
Let l be (15/(-5))/(-3) - 0. Suppose -24*t = -23*t - 2. Suppose t*a = -4*b - 12, b - 2 = 5*a + 4*b. What is the greatest common divisor of l and a?
1
Let j be 2/5 - (-38)/5. Suppose 0 = 19*q - 10*q. Suppose q = -6*a + 30 - 6. Calculate the highest common factor of a and j.
4
Let v(q) = -162*q - 48. Let i be v(-4). Let a = i - 599. Calculate the greatest common factor of a and 7.
1
Suppose 3*c - 3*w = 36, 64 = c + 4*c - w. Let t = c - 8. Suppose -2 + 8 = -3*p - 4*s, -5*s = p + 13. What is the highest common factor of t and p?
1
Let h(g) = -2*g**2 + 74*g - 625. Let s be h(20). What is the highest common divisor of 3 and s?
1
Suppose -3*j + 6 + 36 = -4*v, 12 = 4*v. Suppose 0*k + j = k + 3*x, -20 = 5*x. Calculate the highest common divisor of 75 and k.
15
Let y = -6605 + 17621. What is the greatest common factor of y and 24?
24
Let z be (-1)/10 - (-13)/((-520)/(-6404)). Let y(f) = -f**3 - 8*f**2 - 15*f + 5. Let j be y(-5). Calculate the highest common divisor of j and z.
5
Suppose -6*s - 254 = -4934. What is the greatest common divisor of 676 and s?
52
Let q be 2 + (2/10 - 7/35). Suppose 0 = 2*c - q*d - 154, -3*c - 6*d + 237 = -7*d. Suppose -45*t + 49*t = c. Calculate the highest common divisor of 20 and t.
20
Suppose b = 4*n - 10926, -83*n + 13656 = -78*n - 2*b. What is the highest common factor of 4 and n?
4
Let x = -216 - -255. Let k be (-21)/(-9) - 2 - (-182)/x. Calculate the highest common factor of k and 45.
5
Let a be (-2)/4 - 42/(-4). Let x(g) = 46 - 5 + 2020*g - 7*g**2 + g**3 - 2030*g. Let r be x(8). What is the highest common divisor of a and r?
5
Let q = -2959 + 5532. Calculate the highest common divisor of 372 and q.
31
Suppose -3*h + 8 = -19. Suppose -6*c + h + 45 = 0. Calculate the highest common divisor of 225 and c.
9
Let r = 542 + -549. Let v be (-110 + 5 + r)*(-6 + 0). Calculate the greatest common divisor of v and 16.
16
Let l(a) = 71*a**2 + 1. Let o be l(-1). Suppose -5*w - 5*r = 0, 2*w - 6 = -4*r - r. Let v be -24*9/54*w. Calculate the greatest common divisor of o and v.
8
Suppose o = -5, 4*i + 10*o - 7*o - 445 = 0. What is the greatest common factor of i and 2231?
23
Let l be (-2 - -41673) + 0 - (-64 - -52). What is the highest common divisor of l and 73?
73
Suppose 2*s - 124 = 4*